etermine f(-12).
3
Let z(h) = -99*h**2 + 302*h + 2. Calculate z(3).
17
Let q(o) = 140*o + 3585. Give q(-27).
-195
Let l(b) = -70*b - 68. Determine l(-1).
2
Let k(f) = f**3 + 16*f**2 - 23*f - 326. Calculate k(-16).
42
Let k(x) = -x**3 - 37*x**2 - 130*x + 68. Calculate k(-33).
2
Let w(o) = 3*o**2 - 53*o + 6. What is w(15)?
-114
Let r(z) = 3*z**3 - 49*z**2 + 31*z + 22. Determine r(16).
262
Let w(n) = 19*n**2 + 491*n - 84. Determine w(-26).
-6
Let r(l) = -12*l**2 + 183*l + 1445. What is r(21)?
-4
Let i(w) = 2*w**3 + 24*w**2 + w - 54. Give i(0).
-54
Let u(z) = -76*z - 1528. What is u(-20)?
-8
Let m(c) = -c**3 - 17*c**2 + 3*c + 23. Determine m(-17).
-28
Let z(n) = -2*n**2 - 40*n + 179. What is z(-24)?
-13
Let z(x) = -2*x**2 + 2*x - 23. Calculate z(5).
-63
Let m(j) = -5*j + 227. Give m(60).
-73
Let h(t) = t**3 - 12*t**2 + t + 136. Calculate h(8).
-112
Let j(a) = -2*a**3 + 4*a**2 + 14*a + 30. Calculate j(-2).
34
Let n(f) = f**3 + 3*f**2 + 15*f - 97. Give n(3).
2
Let o(n) = -n**2 + 2*n + 48. What is o(-11)?
-95
Let a(c) = 3*c**2 - 22*c - 5. Calculate a(4).
-45
Let j(y) = 2*y**2 + 98*y - 181. Determine j(-51).
23
Let h(s) = 5*s**3 - 142*s**2 + 21*s + 972. Determine h(28).
-8
Let v(s) = 165*s - 10695. Give v(65).
30
Let b(j) = -j**3 - 11*j**2 + 16*j + 49. What is b(-11)?
-127
Let d(v) = -v**3 + 22*v**2 + 220*v - 4827. Determine d(22).
13
Let h(p) = -9*p**2 - 10*p - 31. Calculate h(-3).
-82
Let l(m) = 17*m - 319. Give l(13).
-98
Let l(t) = 2*t**2 + 1458*t + 15822. Calculate l(-11).
26
Let h(w) = w**2 + 36*w + 145. Calculate h(-6).
-35
Let p(j) = -428*j + 427. Give p(1).
-1
Let z(f) = 565*f - 7909. Give z(14).
1
Let k(o) = -o**2 + 84*o - 438. Determine k(6).
30
Let u(o) = 5*o**3 + 239*o**2 + 190*o + 27. Give u(-47).
-67
Let y(r) = -128*r + 35. What is y(3)?
-349
Let h(o) = -34*o - 385. Give h(-12).
23
Let p(z) = z**3 + 4*z**2 - 21*z + 51. Calculate p(3).
51
Let r(p) = -p**2 + 180*p + 33112. Determine r(-113).
3
Let p(q) = 3*q**3 + 23*q**2 - 19*q - 60. Give p(-8).
28
Let o(a) = 6*a**2 - 31*a - 912. What is o(-10)?
-2
Let z(u) = -u**3 - 7*u**2 + 3*u - 34. What is z(-8)?
6
Let m(a) = -a**2 + 8*a - 38. What is m(0)?
-38
Let k(s) = -202*s - 12851. Give k(-64).
77
Let j(a) = -4310*a + 103448. Determine j(24).
8
Let j(t) = 2*t**2 + 253*t + 1591. Give j(-120).
31
Let b(r) = r**3 + 7*r**2 - 25*r + 39. Give b(-10).
-11
Let t(k) = -k**3 + 37*k**2 - 68*k - 106. Give t(35).
-36
Let q(s) = -2*s**3 + 12*s**2 + 6*s + 50. What is q(7)?
-6
Let p(k) = k**3 + 13*k**2 - 163*k - 12. Calculate p(8).
28
Let i(c) = 507*c - 59816. Determine i(118).
10
Let s(b) = -13*b**3 + 158*b**2 - 24*b - 31. Determine s(12).
-31
Let v(g) = -g**2 - 111*g + 565. Determine v(-116).
-15
Let g(n) = -55*n + 575. What is g(10)?
25
Let k(r) = -80*r + 4977. Calculate k(62).
17
Let w(m) = -42*m - 123. What is w(-5)?
87
Let k(x) = -x**3 + 19*x**2 - 37*x - 14. What is k(17)?
-65
Let h(b) = b**3 + 137*b**2 - 277*b + 132. Give h(-139).
-7
Let r(w) = -w**3 - 11*w**2 - 2*w + 100. Calculate r(-9).
-44
Let m(i) = 140*i - 408. Calculate m(3).
12
Let f(v) = -25*v - 751. What is f(-20)?
-251
Let v(c) = 19*c - 170. Calculate v(-5).
-265
Let o(i) = i**3 - 4*i**2 - 28*i - 26. Determine o(8).
6
Let j(l) = 3*l**2 + 151*l - 2218. Determine j(12).
26
Let f(l) = -6*l + 119. Determine f(44).
-145
Let u(z) = -z**3 - 6*z**2 + 88*z + 109. Give u(-12).
-83
Let p(j) = j**2 + 141*j + 692. Give p(-5).
12
Let j(a) = -4*a**3 + 3*a**2 + 31*a - 11. Give j(6).
-581
Let g(l) = l**2 - 46*l - 532. Determine g(-11).
95
Let h(o) = 275*o + 1649. Calculate h(-6).
-1
Let k(m) = -2*m**3 + 54*m**2 - 256*m + 37. What is k(6)?
13
Let d(a) = -3*a**2 - 166*a + 167. Calculate d(1).
-2
Let y(m) = m**2 - 55*m + 315. Give y(49).
21
Let f(b) = -7*b**3 - 97*b**2 + 16*b + 19. What is f(-14)?
-9
Let f(u) = -1683*u - 20195. Calculate f(-12).
1
Let g(r) = -r**3 - 3*r**2 - 244*r + 507. What is g(2)?
-1
Let n(v) = v**3 - 6*v**2 - 66*v + 34. Give n(-6).
-2
Let l(k) = 2*k**2 - 128*k - 264. Determine l(66).
0
Let i(x) = x**3 + x**2 - 35*x - 17. What is i(-6)?
13
Let u(s) = -s**3 - 9*s**2 - 5*s. Calculate u(-8).
-24
Let z(q) = -q**3 + 8*q**2 + 19*q - 152. What is z(12)?
-500
Let i(h) = 2*h**3 - 10*h**2 - 6*h + 23. What is i(5)?
-7
Let o(i) = -14*i**3 - 23*i - 37. Give o(-3).
410
Let q(x) = -x**3 + 9*x**2 + 273*x + 285. What is q(22)?
-1
Let x(a) = 8*a**2 - 168*a + 18. Calculate x(21).
18
Let r(c) = 5*c**2 - 63*c - 201. Determine r(-3).
33
Let t(f) = 2*f**2 - 653*f - 5989. Give t(-9).
50
Let c(v) = v**3 + 13*v**2 + 101*v + 218. Determine c(-3).
5
Let h(s) = -51*s + 25. Calculate h(-4).
229
Let u(f) = -2*f**3 - 132*f**2 - 130*f - 10. Give u(-65).
-10
Let b(y) = -114*y - 455. Give b(-4).
1
Let q(o) = -19*o + 277. Calculate q(20).
-103
Let j(l) = -682*l - 1388. Determine j(-2).
-24
Let s(t) = t**3 - 6*t - 18. Calculate s(-3).
-27
Let r(o) = -o**3 + 27*o**2 + 1817*o - 51012. Determine r(29).
-1
Let h(o) = -1233*o - 106038. Calculate h(-86).
0
Let b(u) = -12*u**2 - 405*u + 83. Calculate b(-34).
-19
Let n(c) = -c**2 - 202*c + 1691. What is n(-210)?
11
Let l(d) = 8*d + 152. Determine l(-15).
32
Let m(i) = 15*i**2 + 480*i + 9. What is m(-32)?
9
Let g(l) = 3*l**2 - 14*l + 38. Calculate g(4).
30
Let p(m) = 139*m + 2034. Determine p(-15).
-51
Let k(q) = -3*q**3 + 42*q**2 + 51*q - 82. Determine k(15).
8
Let f(v) = -13*v**3 - 28*v**2 - 27*v + 1. Give f(-1).
13
Let p(k) = -k**2 + 12*k + 148. What is p(-7)?
15
Let f(m) = 2*m**2 + 47*m - 82. Give f(-22).
-148
Let q(z) = 10*z**2 + 928*z + 735. Calculate q(-92).
-1
Let c(h) = -2*h**2 - 44*h - 409. Give c(-11).
-167
Let r(t) = t**2 + 2207*t - 6636. Calculate r(3).
-6
Let s(g) = 107*g - 9313. Give s(87).
-4
Let y(h) = h**3 - 270*h**2 + 291*h - 5936. Give y(269).
-18
Let s(y) = y**3 + 168*y**2 + 486*y - 1496. Give s(-165).
-11
Let c(a) = -a**3 + 6*a**2 - 19*a + 9. Calculate c(5).
-61
Let n(t) = t**3 - 77*t**2 - 32. Determine n(77).
-32
Let k(l) = -l**2 - 44*l - 362. What is k(-42)?
-278
Let y(w) = -w**2 + 20*w + 96. Calculate y(26).
-60
Let d(c) = 269*c + 113. Determine d(-1).
-156
Let n(u) = -u**3 - u**2 + 95*u + 350. What is n(-5)?
-25
Let k(c) = 5*c**2 + 124*c - 1128. What is k(7)?
-15
Let f(r) = -16*r + 103. Determine f(6).
7
Let h(x) = -5*x**2 - 175*x + 116. Determine h(-35).
116
Let j(c) = 48*c + 84. Give j(-5).
-156
Let c(i) = 71*i - 534. Determine c(7).
-37
Let l(f) = f**3 + 6*f**2 + 14*f + 46. What is l(-6)?
-38
Let a(y) = -270*y + 7568. Calculate a(28).
8
Let y(w) = -w**2 + 4*w + 136. Give y(14).
-4
Let s(w) = 33*w**2 - 95*w + 180. Determine s(2).
122
Let l(j) = j**3 + 10*j**2 + 66*j + 644. Calculate l(-10).
-16
Let b(a) = 3*a**2 - 325*a + 2227. Determine b(101).
5
Let x(o) = o**3 - 5*o**2 - 124*o - 25. Calculate x(14).
3
Let v(d) = 138*d + 7299. Determine v(-53).
-15
Let d(t) = -4*t**2 - 129*t - 1033. Determine d(-17).
4
Let z(o) = 12*o**3 + 6*o**2 - 28*o + 12. Determine z(2).
76
Let d(q) = -q**3 - 73*q**2 + 222*q + 5356. Give d(-75).
-44
Let q(s) = -3*s**2 + 4*s + 64. Determine q(6).
-20
Let r(a) = -30*a + 1489. What is r(49)?
19
Let o(l) = -7*l - 513. Give o(-54).
-135
Let l(c) = 2552*c - 12754. Calculate l(5).
6
Let o(d) = 93*d**2 + 1394*d - 16. What is o(-15)?
-1
Let d(h) = 2*h - 1. Determine d(-17).
-35
Let j(y) = 2*y**3 - 213*y**2 - 548*y + 276. Give j(109).
-51
Let a(z) = 31*z - 378. Determine a(16).
118
Let h(y) = 22*y - 186. Determine h(12).
78
Let z(y) = -y**2 + 17*y + 674. What is z(-19)?
-10
Let c(r) = -1136*r - 7936. Calculate c(-7).
16
Let t(u) = -u**3 - u**2 + 51*u + 8. Give t(0).
8
Let h(m) = 54*m**2 - 182*m - 184. Determine h(-1).
52
Let t(z) = -4*z**3 - 30*z**2 - 21*z - 56. Calculate t(-7).
-7
Let m(q) = 123*q - 475. Calculate m(4).
17
Let s(c) = 11*c**2 + 155*c + 9. Give s(-14).
-5
Let p(g) = -g**3 - 21*g**2 - 55*g - 24. Give p(-18).
-6
Let n(m) = -m**3 - 8*m**2 - 7*m + 12. Give n(-7).
12
Let i(b) = -b**3 + 15*b**2 + 22*b - 79. Determine i(16).
17
Let n(m) = -m**3 + 16*m**2 + 53*m - 603. Give n(17).
9
Let b(u) = 6*u**3 - 7*u**2 + 14*u - 7. Determine b(2).
41
Let n(p) = -31*p + 1701. Calculate n(55).
-4
Let s(j) = j**3 - 7*j**2 - 14*j + 72. Determine s(7).
-26
Let d(j) = 4*j**2 + 335*j + 6620. Calculate d(-32).
-4
Let g(o) = -143*o + 605. Determine g(4).
33
Let v(o) = -32*o - 572. Determine v(-18).
4
Let